- m. Give q(-3).
-5
Let u = 20 + -14. Let a(x) = -6*x + 74 + x**2 + 0*x**2 - 71. What is a(u)?
3
Let x(w) = 2*w. Let a(s) = -6*s + 9. Let b be a(0). What is x(b)?
18
Let n(y) = -83 - 6*y + 28 + 26 + 31. What is n(3)?
-16
Let v(b) be the first derivative of b**6/360 - b**5/20 + 5*b**4/24 - 7*b**3/3 - 4. Let k(x) be the third derivative of v(x). Give k(6).
5
Let g(u) = u**3 - u**2 + u - 3. Suppose 8*t = 2*t + 12. Suppose 0*p = 3*p + r, 5*p = t*r. What is g(p)?
-3
Let i(o) be the first derivative of o**3/3 - 7*o**2/2 - 1. Let p = -11 + -57. Let q be 1/(3 - p/(-24)). Give i(q).
-6
Let r(x) = 3*x - 1. Let l be 5/(-5) + (-2 - (-4)/(-2)). Let z be (4 + 0/l)*(-2)/4. Calculate r(z).
-7
Suppose -2 - 5 = -2*l + p, 0 = 3*l + 3*p - 6. Let y = -104 - -106. Let q(r) = -r - 8*r**l - 1 + 7*r**3 + 0*r**y - 3*r**2. What is q(-3)?
2
Let i(d) = -2*d + 2. Let v(f) = -8*f + 10. Let u(b) = -30*i(b) + 6*v(b). What is u(-2)?
-24
Suppose 57 = -4*v + 5. Let c = 19 + v. Let k(x) = x**3 - 7*x**2 + 8*x - 5. Determine k(c).
7
Let w(p) = 38 - 76 + 2*p**2 + 4*p**2 + 44 - 2*p - p**3. What is w(6)?
-6
Suppose 0 = 4*v - 6*t + t - 14, 4*v + 3*t = 30. Let y(a) = a**2 - 4*a - 4. What is y(v)?
8
Let s(d) = -3 + 300*d + 302*d - 52 - 608*d. Determine s(-10).
5
Let o(q) be the second derivative of -q**4/12 + 4*q**3/3 - 9*q**2/2 + q - 8. Let j be o(7). Let x(s) = -3*s - 3 + 0*s - 2*s**2 + 0*s. Give x(j).
-5
Let m(o) be the first derivative of o**4/4 - o**2 + o - 1. Let g = -340 - -341. What is m(g)?
0
Let x(b) = 4*b**3 - 10*b**2 + b - 7. Let l(z) = 3*z**3 - 9*z**2 - 5. Let w(k) = -5*l(k) + 4*x(k). What is w(-4)?
-3
Let g be (5 + -6)/((-2)/(-6)). Let x be 3 + ((-8)/(-12) - (-17)/g). Let b(q) = 8*q + 1. What is b(x)?
-15
Suppose -3*x = -3*l - 33, 0 = 3*x + 2*l + 3*l + 7. Let i(n) = -n**2 + 5*n - 1. Give i(x).
-7
Let t(s) = s**3 + 3*s**2 + 4*s + 3. Let z be t(-2). Let o = z - 5. Let h(r) be the first derivative of r**4/4 + 2*r**3 - r**2/2 - 5*r - 6. Calculate h(o).
1
Let y(a) = -53*a**3 + 3*a**2 + 4. Let s(t) = -56*t**3 + 4*t**2 + 5. Let q(g) = 3*s(g) - 4*y(g). Calculate q(1).
43
Suppose 5*j + 7 = 6*j. Let a(y) = -3*y + 4*y + 8 - j. Determine a(-3).
-2
Let c = -9 + 17. Let p be (-3)/(-12) + (-146)/c. Let b = 13 + p. Let v(n) = n**2 + 4*n + 3. What is v(b)?
8
Let v(k) = 0 - 2*k**2 - 1 - 13*k - k**3 + 12*k - k**2. Calculate v(-2).
-3
Let d(z) = -7*z + 3. Let p(v) = 1 + 56*v + 0 - 62*v + 3. Let n(h) = 4*d(h) - 3*p(h). Suppose -5*y = 5*s + 20, -2*y - 4*s = -6*y + 24. What is n(y)?
-10
Let l be 9/(63/14) - -2. Let u(i) = -i**3 + 5*i**2 - 4*i + 2. What is u(l)?
2
Let f(n) = 3*n**3 - 6*n**2 + 6*n + 2. Let k(q) = -4*q**3 + 9*q**2 - 6*q - 3. Let a(z) = -5*f(z) - 4*k(z). Determine a(7).
9
Suppose -4*n + 15 = 7. Let c(m) = -m**3 - 6*m**2 + 5*m - 4. Let b be c(-7). Let r(a) = -1 - 4*a - b*a + n. Determine r(-1).
15
Let a be 48/(-72)*4/(8/3). Let w(b) be the second derivative of -3*b**5/40 - b**4/24 - b**3/6 - b. Let q(r) be the second derivative of w(r). Calculate q(a).
8
Let n(p) be the first derivative of -p**3/3 + p**2/2 + 3*p + 1119. Suppose 0*m = -4*m + 12. Determine n(m).
-3
Let d be 4/(-1*(-1 + 2)). Let n(p) = p**3 + 10*p**3 + 5*p**3 + 5*p**2 + 2*p - 2 + 0*p**3 - 15*p**3. Determine n(d).
6
Suppose -6*f = -9*f + 12. Let v be (2 - -2)/((-2)/(-4)). Let b(n) = -v*n + 4*n**2 - 3*n**2 + 5*n. Determine b(f).
4
Let x(p) be the first derivative of -29 + 1/3*p**3 + 1/2*p**2 + 6*p. Calculate x(0).
6
Let b(p) = -p**2 + 5*p + 2. Let i = -45 + 50. Suppose 0 = d + 4*w - i*w - 4, -w - 20 = -5*d. What is b(d)?
6
Let m(k) = 3*k**2 - 2*k + 1. Suppose -5*l - 3 = -8. Let w be m(l). Let r(i) = -2 + 4*i + 5 - 1 + 2*i**w. Give r(-3).
8
Let a(z) = 19*z**3 - 21*z**2 - 18*z - 23. Let n(d) = 7*d**3 - 7*d**2 - 6*d - 8. Let u(y) = -4*a(y) + 11*n(y). Let j be (-1 - 2/4)*4. Calculate u(j).
4
Let h(l) = 5*l + 5. Let a(c) = -c. Suppose 0 = 3*t + 1 + 2. Let u(v) = t*h(v) - 4*a(v). Suppose -21 = -4*p - 5*x, 0*p + 4*x + 12 = 4*p. What is u(p)?
-9
Let d(p) = 1. Let w(r) = r**2 - r + 1. Let q(z) = d(z) - w(z). Suppose 80 + 0 = 16*a. Give q(a).
-20
Let q = -127 + 129. Let j(i) = -3*i**2 + 2*i + 2. Determine j(q).
-6
Let a(n) = 19*n**2 - 2*n - 4. Let f(i) = 39*i**2 - 5*i - 9. Let b(k) = -7*a(k) + 3*f(k). Let w(g) = g**3 - 11*g**2 + 2*g + 81. Let o be w(10). Determine b(o).
-16
Let y(s) = -s**2 - 17*s - 10. Let i = -33 - -17. Calculate y(i).
6
Let h(i) = -101*i + i**2 - 101*i + 396*i - 101*i - 3 - 101*i. Determine h(7).
-10
Suppose -3*n + n - 2*c + 14 = 0, 0 = 2*n - 2*c - 2. Suppose 11*r - 104 = -2*r. Let v(o) = -3*o + 596*o**2 - o**3 - 4 + r*o - 593*o**2. Give v(n).
0
Let p(h) = -h**2 - 4*h + 4. Let o(x) be the first derivative of x**2 - 5*x - 6. Let b be o(4). Suppose b*j + 13 = -2. Determine p(j).
-1
Let i(a) be the first derivative of 17*a**3/3 - a**2 - a - 194. Give i(-1).
18
Let d(v) = v**3 - 6*v**2 - 3*v + 8. Suppose -m - 2*m = -3. Suppose m = 5*x - 19. Let s(w) = 2*w - 2. Let c be s(x). What is d(c)?
-10
Let d(k) = k**3 - 5*k**2 - 4*k - 6. Suppose 0*z + 2*z + 10 = 0. Let w = 2 + z. Let m(r) = -r**3 - 2*r**2 - 3. Let g be m(w). Determine d(g).
6
Suppose -35 = -5*d + 30. Suppose -d*y = -10*y + 51. Let c = -19 - y. Let o(i) = -i**3 - 3*i**2 - 2*i + 2. Determine o(c).
2
Let h(u) = 10*u + 1 - 6*u - 3*u - 7 + 0*u. Suppose s + 4 - 8 = -4*p, 4*p = -3*s + 20. Give h(s).
2
Let m be (-1 + 1 + -1)*0. Let u(d) = 3*d**2 - 3*d + 2. Let c be u(1). Let a(n) = 10 - 3*n**2 - 7 + 5*n**c - n**2. Give a(m).
3
Let a(g) = g**2 - 18*g - 27. Let x = 784 - 765. Calculate a(x).
-8
Let p(c) be the first derivative of -c**3 - 8*c**2 + 17*c - 21. Let b(f) = -2*f**2 - 11*f + 11. Let z(m) = -7*b(m) + 5*p(m). Determine z(-6).
-10
Let v(l) = 7*l - 2. Let g be v(1). Let i(s) = 129 - 63 - 64 + g*s - s**2. Determine i(5).
2
Suppose -2*x + 4 = 3*j - 12, -8 = -4*x. Let d(p) = -4*p + 5*p**2 + 5*p**3 - 7*p**3 + 6 + p**3. What is d(j)?
6
Let t = -12 + 19. Let k(y) be the third derivative of -y**5/60 + y**4/3 + 3*y**3/2 + 12*y**2. Give k(t).
16
Suppose 23*o - 32 - 14 = 0. Let k(r) = -17*r - 1. What is k(o)?
-35
Let d(x) = 11*x**3 - x. Suppose 8 - 52 = -m. Let w = -45 + m. Calculate d(w).
-10
Let y(v) be the second derivative of -7*v + 1/20*v**5 + 1/3*v**3 - 7/12*v**4 - 3/2*v**2 + 0. What is y(7)?
11
Let o(q) be the first derivative of -q**4/4 - 2*q**3/3 + 3*q**2 - 9*q - 502. What is o(-4)?
-1
Let l(o) = o**2 - 7*o - 7. Let i be l(-1). Let q(k) = -5*k**2 + 2*k - 1. Give q(i).
-4
Let b(a) = -a**3 + 8*a**2 - 8*a + 1. Suppose 0 = 57*f - 35*f - 154. What is b(f)?
-6
Let m(s) be the first derivative of -s**4/4 - 8*s**3/3 + 3*s**2/2 + 7*s + 1. Let k be (-12)/1 - 7*(-4)/7. Determine m(k).
-17
Let g(u) be the first derivative of 2*u**4 - u**2/2 - u - 269. Give g(-1).
-8
Suppose 6*q - 15*q + 72 = 0. Let t be 12/48 - (0 + 18/q). Let o(y) = 2*y**2 + 0*y - 3 - y - 2*y. What is o(t)?
11
Let i(g) be the first derivative of -4*g**3/3 - 5*g**2/2 - 6*g - 723. Give i(-3).
-27
Let x(d) = d**3 - 6*d**2 + 7*d - 6. Suppose 0 = -3*j + l + 24, 5*j - 35 = 5*l + 15. Suppose 3*w - 30 = a, 2*a - j*a = 15. Let q = w + -4. Calculate x(q).
4
Suppose 5*c = -o + 27, 24*o - 20*o + 2*c = 18. Let d(s) be the third derivative of 1/6*s**3 + 0 - o*s**2 - 7/24*s**4 + 0*s. What is d(-1)?
8
Let v = -10 + 12. Suppose v*h + 12 = 2. Let j(r) = r**2 + 2*r - 5. What is j(h)?
10
Let g(z) = 5*z**3 - 4*z**2 + 6*z - 1. Let n(h) = -9*h**3 + 8*h**2 - 12*h + 2. Let l(y) = -11*g(y) - 6*n(y). What is l(-6)?
35
Let v(i) = -i - 1. Let m(o) = 3*o - 1. Let q(s) = -m(s) - 4*v(s). Let d be (-48)/56 + 456/(-56). What is q(d)?
-4
Let m(s) be the second derivative of -s**5/20 + 5*s**4/12 - 2*s**3/3 - 3*s**2 - 138*s. Determine m(4).
-6
Let d(o) be the first derivative of -1/30*o**5 + 0*o**2 - 4/3*o**3 + 0*o - 1/8*o**4 + 2. Let s(r) be the third derivative of d(r). What is s(-2)?
5
Let i be (-4)/10 - 8/5 - -2. Suppose -4*k - 159 + 139 = i. Let b(q) = q**3 + 6*q**2 + 5*q + 4. Determine b(k).
4
Let u(v) = 2*v + 2. Suppose -3*s = -2*s - 2*i + 67, 0 = 5*i. Let n = 72 + s. Calculate u(n).
12
Let k(t) = t**3 + 5*t**2 + 3*t - 3. Let h be k(-4). Let p be (-18)/(h + 2) - 1. Let s(m) = -3 - 14 - 5*m + 4*m. Give s(p).
-10
Let p(w) be the second derivative of -w**4/12 - 5*w**3/6 + w**2 + 1936*w. Let b = 6 + -11. Give p(b).
2
Suppose 0 = 14*t + 1